dred thousands digit of 43973238?
9
What is the ten thousands digit of 666449?
6
What is the units digit of 16722460?
0
What is the units digit of 275696?
6
What is the thousands digit of 1070541?
0
What is the millions digit of 9493166?
9
What is the hundreds digit of 2486788?
7
What is the units digit of 1239351?
1
What is the tens digit of 356314?
1
What is the millions digit of 1362472?
1
What is the tens digit of 38835144?
4
What is the hundred thousands digit of 16022031?
0
What is the thousands digit of 28799816?
9
What is the tens digit of 4294883?
8
What is the hundred thousands digit of 1813807?
8
What is the tens digit of 3082516?
1
What is the ten thousands digit of 59152?
5
What is the units digit of 7513852?
2
What is the ten millions digit of 16723967?
1
What is the ten thousands digit of 1801948?
0
What is the tens digit of 1421618?
1
What is the tens digit of 48503?
0
What is the thousands digit of 18203388?
3
What is the hundred thousands digit of 2203909?
2
What is the tens digit of 1699750?
5
What is the hundreds digit of 895700?
7
What is the tens digit of 459964?
6
What is the hundreds digit of 13922745?
7
What is the millions digit of 5671277?
5
What is the units digit of 133517?
7
What is the thousands digit of 1788198?
8
What is the thousands digit of 296042?
6
What is the hundreds digit of 3982648?
6
What is the units digit of 147497?
7
What is the ten thousands digit of 53967?
5
What is the ten thousands digit of 2396416?
9
What is the hundreds digit of 2345020?
0
What is the hundreds digit of 293535?
5
What is the millions digit of 20391535?
0
What is the thousands digit of 6767578?
7
What is the ten millions digit of 18597705?
1
What is the ten thousands digit of 294633?
9
What is the ten thousands digit of 893120?
9
What is the ten thousands digit of 286626?
8
What is the units digit of 6073014?
4
What is the units digit of 683901?
1
What is the ten thousands digit of 3456451?
5
What is the thousands digit of 103093?
3
What is the hundred thousands digit of 1750946?
7
What is the tens digit of 5251494?
9
What is the thousands digit of 59323?
9
What is the thousands digit of 3178957?
8
What is the tens digit of 61865?
6
What is the tens digit of 463344?
4
What is the ten thousands digit of 293691?
9
What is the ten thousands digit of 912823?
1
What is the hundred thousands digit of 486099?
4
What is the ten thousands digit of 2368534?
6
What is the tens digit of 545089?
8
What is the hundreds digit of 1727189?
1
What is the hundred thousands digit of 387076?
3
What is the hundreds digit of 7259456?
4
What is the tens digit of 268590?
9
What is the tens digit of 549097?
9
What is the hundred thousands digit of 8961962?
9
What is the tens digit of 2103693?
9
What is the tens digit of 20504?
0
What is the ten thousands digit of 958590?
5
What is the tens digit of 14676780?
8
What is the units digit of 139744?
4
What is the thousands digit of 1262436?
2
What is the ten thousands digit of 281353?
8
What is the units digit of 12513388?
8
What is the thousands digit of 3172491?
2
What is the hundred thousands digit of 6146388?
1
What is the hundreds digit of 260341?
3
What is the tens digit of 473190?
9
What is the hundreds digit of 19052443?
4
What is the hundred thousands digit of 3222556?
2
What is the thousands digit of 417558?
7
What is the ten thousands digit of 901113?
0
What is the tens digit of 4071499?
9
What is the thousands digit of 445648?
5
What is the units digit of 17936031?
1
What is the hundred thousands digit of 2189729?
1
What is the ten thousands digit of 702632?
0
What is the hundreds digit of 1257015?
0
What is the thousands digit of 51330?
1
What is the hundred thousands digit of 116224?
1
What is the units digit of 973795?
5
What is the units digit of 1642238?
8
What is the hundred thousands digit of 579107?
5
What is the tens digit of 425592?
9
What is the millions digit of 7774276?
7
What is the tens digit of 2522837?
3
What is the tens digit of 4176160?
6
What is the hundreds digit of 1902016?
0
What is the units digit of 76406?
6
What is the units digit of 91786?
6
What is the hundreds digit of 9436778?
7
What is the hundreds digit of 3655818?
8
What is the thousands digit of 975577?
5
What is the thousands digit of 33556?
3
What is the hundred thousands digit of 19337155?
3
What is the tens digit of 1184685?
8
What is the thousands digit of 153438?
3
What is the units digit of 11532624?
4
What is the hundreds digit of 120584?
5
What is the units digit of 633718?
8
What is the hundreds digit of 601268?
2
What is the tens digit of 64349?
4
What is the units digit of 496420?
0
What is the hundreds digit of 93177?
1
What is the units digit of 31390512?
2
What is the hundred thousands digit of 216134?
2
What is the hundred thousands digit of 4016654?
0
What is the units digit of 153763?
3
What is the hundred thousands digit of 278736?
2
What is the ten thousands digit of 392076?
9
What is the ten thousands digit of 2377609?
7
What is the tens digit of 4058534?
3
What is the tens digit of 1302193?
9
What is the units digit of 1473307?
7
What is the ten millions digit of 19386865?
1
What is the hundreds digit of 10984965?
9
What is the ten thousands digit of 196838?
9
What is the millions digit of 2132740?
2
What is the ten thousands digit of 1677222?
7
What is the millions digit of 31672920?
1
What is the units digit of 13719214?
4
What is the tens digit of 667747?
4
What is the ten thousands digit of 5553893?
5
What is the ten thousands digit of 221278?
2
What is the millions digit of 1276207?
1
What is the ten thousands digit of 846095?
4
What is the ten thousands digit of 1356069?
5
What is the hundreds digit of 143053?
0
What is the tens digit of 5225452?
5
What is the ten thousands digit of 1616032?
1
What is the thousands digit of 67851?
7
What is the thousands digit of 441858?
1
What is the hundreds digit of 1507925?
9
What is the ten thousands digit of 179250?
7
What is the hundred thousands digit of 24395262?
3
What is the thousands digit of 238021?
8
What is the ten thousands digit of 1656819?
5
What is the units digit of 212387?
7
What is the hundred thousands digit of 659616?
6
What is the tens digit of 4462253?
5
What is the units digit of 19812009?
9
What is the hundreds digit of 408529?
5
What is the hundreds digit of 11947536?
5
What is the units digit of 170600?
0
What is the millions digit of 15321924?
5
What is the millions digit of 2229471?
2
What is the hundreds digit of 26609694?
6
What is the hundred thousands digit of 11530083?
5
What is the hundred thousands digit of 326624?
3
What is the hundreds digit of 883823?
8
What is the tens digit of 2119815?
1
What is the ten thousands digit of 2898724?
9
What is the units digit of 1705877?
7
What is the millions digit of 3555762?
3
What is the thousands digit of 15161852?
1
What is the hundreds digit of 26730804?
8
What is the units digit of 290825?
5
What is the hundred thousands digit of 320925?
3
What is the units digit of 107769?
9
What is the millions digit of 10577247?
0
What is the ten thousands digit of 4855164?
5
What is the thousands digit of 352642?
2
What is the hundred thousands digit of 225104?
2
What is the ten millions digit of 11911478?
1
What is the hundred thousands digit of 7779549?
7
What is the thousands digit of 1281965?
1
What is the millions digit of 6399386?
6
What is the ten thousands digit of 172914?
7
What is the thousands digit of 309464?
9
What is the millions digit of 1212701?
1
What is the thousands digit of 10065232?
5
What is the hundred thousands digit of 3544849?
5
What is the ten thousands digit of 255785?
5
What is the thousands digit of 1879548?
9
What is the ten thousands digit of 1098797?
9
What is the units digit of 30537175?
5
What is the hundreds digit of 23501?
5
What is the units digit of 149278?
8
What is the hundreds digit of 7159?
1
What is the hundred thousands digit of 3336834?
3
What is the units digit of 1420586?
6
What is the hundreds digit of 435328?
3
What is the thousands digit of 155839?
5
What is the hundred thousands digit of 32470422?
4
What is the hundred thousands digit of 416619?
4
What is the units digit of 391684?
4
What is the tens digit of 642380?
8
What is 